{"id":9,"date":"2025-11-26T08:53:10","date_gmt":"2025-11-26T08:53:10","guid":{"rendered":"http:\/\/lafermu.cluster029.hosting.ovh.net\/index.php\/about\/"},"modified":"2026-03-17T09:51:46","modified_gmt":"2026-03-17T09:51:46","slug":"notre-philosophie","status":"publish","type":"page","link":"https:\/\/la-ferme-intention.fr\/index.php\/page-daccueil\/notre-philosophie\/","title":{"rendered":"Notre philosophie"},"content":{"rendered":"\n<ul class=\"wp-block-list\">\n<li><strong>QUI SOMMES NOUS ?<\/strong><\/li>\n<\/ul>\n\n\n<div class=\"wp-block-image\">\n<figure class=\"aligncenter size-large\"><img loading=\"lazy\" decoding=\"async\" width=\"1024\" height=\"576\" src=\"https:\/\/la-ferme-intention.fr\/wp-content\/uploads\/2026\/03\/la-tribu-1024x576.jpg\" alt=\"\" class=\"wp-image-143\" srcset=\"https:\/\/la-ferme-intention.fr\/wp-content\/uploads\/2026\/03\/la-tribu-1024x576.jpg 1024w, https:\/\/la-ferme-intention.fr\/wp-content\/uploads\/2026\/03\/la-tribu-300x169.jpg 300w, https:\/\/la-ferme-intention.fr\/wp-content\/uploads\/2026\/03\/la-tribu-768x432.jpg 768w, https:\/\/la-ferme-intention.fr\/wp-content\/uploads\/2026\/03\/la-tribu.jpg 1206w\" sizes=\"auto, (max-width: 1024px) 100vw, 1024px\" \/><\/figure>\n<\/div>\n\n\n<p><span class=\"has-superb-addons-text-align-justify\"><strong>Dimitri <\/strong>: <em>Apr\u00e8s l\u2019obtention d\u2019un magister en Sciences Sociales, j\u2019ai quitt\u00e9 la r\u00e9gion parisienne. Je souhaitais \u00e9lever mes enfants dans un environnement plus sain. Je cherchais \u00e0 me rapprocher de ce que j\u2019ai connu chez mes grands-parents, \u00e9leveurs de moutons dans le chinonais.<\/em><\/span><\/p>\n\n\n\n<p><span class=\"has-superb-addons-text-align-justify\"><strong>Jessica <\/strong>: <em>Depuis plusieurs g\u00e9n\u00e9rations, ma famille \u00e9crit son histoire en Anjou. Fille de la Vall\u00e9e, j\u2019ai couru les lumi\u00e8res de la ville durant mon adolescence. Je suis revenue sur ma terre en tant que m\u00e8re, o\u00f9 j\u2019ai appris \u00e0 la (re)d\u00e9couvrir, \u00e0 vouloir la valoriser et en prendre soin.<\/em><\/span><\/p>\n\n\n\n<p><\/p>\n\n\n\n<p><span class=\"has-superb-addons-text-align-justify\">Nous sommes un couple curieux et passionn\u00e9 par la nature, les animaux et l&rsquo;humain.  Nous r\u00eavions d&rsquo;un lieu o\u00f9 l&rsquo;apprentissage se ferait en s&rsquo;amusant, d&rsquo;un lieu qui serait vecteur de sens et de sensations, d&rsquo;un lieu o\u00f9 le vivant serait au centre des mobilisations. <\/span><\/p>\n\n\n\n<p><\/p>\n\n\n\n<p class=\"has-text-align-center has-medium-font-size\"><mark style=\"background-color:rgba(0, 0, 0, 0);color:#a6764c\" class=\"has-inline-color\">Et c&rsquo;est en 2023 que <strong>La Ferme Intention<\/strong> voit le jour.<\/mark><\/p>\n\n\n\n<p><\/p>\n\n\n\n<p><\/p>\n\n\n\n<ul class=\"wp-block-list\">\n<li><strong>C&rsquo;EST QUOI \u00ab\u00a0LA FERME INTENTION\u00a0\u00bb ?<\/strong><\/li>\n<\/ul>\n\n\n\n<p><span class=\"has-superb-addons-text-align-justify\"><strong>La Ferme Intention<\/strong> est une petite exploitation qui cultive et transforme <strong>ses plantes aromatiques<\/strong>. Notre d\u00e9marche repose sur une conviction simple : <strong>prendre soin du vivant<\/strong> pour cr\u00e9er des produits simples, authentiques et savoureux.<\/span><\/p>\n\n\n\n<p><span class=\"has-superb-addons-text-align-justify\">Nous privil\u00e9gions un <strong>travail vertueux des sols<\/strong>, afin de pr\u00e9server sa fertilit\u00e9 naturelle et sa richesse. Chaque culture est pens\u00e9e dans une logique d\u2019\u00e9quilibre, d&rsquo;utilit\u00e9, d&rsquo;association et de saisonnalit\u00e9.<\/span><\/p>\n\n\n\n<p><span class=\"has-superb-addons-text-align-justify\">Les plantes sont <strong>transform\u00e9es par son soins<\/strong> imm\u00e9diatement apr\u00e8s r\u00e9colte : effeuillage, s\u00e9chage, mise en mac\u00e9ration&#8230;.<\/span><\/p>\n\n\n\n<p><span class=\"has-superb-addons-text-align-justify\">Notre travail est profond\u00e9ment ancr\u00e9 dans <strong>l\u2019attachement du lien humain, de la terre et du travail local<\/strong> : valoriser les ressources de notre territoire, produire \u00e0 taille humaine et proposer des produits aussi sinc\u00e8res que savoureux.<\/span><\/p>\n\n\n\n<p class=\"has-text-align-center has-medium-font-size\"><strong><mark style=\"background-color:rgba(0, 0, 0, 0);color:#a6764c\" class=\"has-inline-color\">La Ferme Intention, c\u2019est la rencontre entre la terre, les plantes et l\u2019intention de bien faire.<\/mark><\/strong><\/p>\n\n\n\n<p><\/p>\n","protected":false},"excerpt":{"rendered":"<p>Dimitri : Apr\u00e8s l\u2019obtention d\u2019un magister en Sciences Sociales, j\u2019ai quitt\u00e9 la r\u00e9gion parisienne. Je souhaitais \u00e9lever mes enfants dans un environnement plus sain. Je cherchais \u00e0 me rapprocher de &hellip; <\/p>\n","protected":false},"author":1,"featured_media":0,"parent":8,"menu_order":0,"comment_status":"closed","ping_status":"closed","template":"","meta":{"footnotes":""},"class_list":["post-9","page","type-page","status-publish","hentry"],"_links":{"self":[{"href":"https:\/\/la-ferme-intention.fr\/index.php\/wp-json\/wp\/v2\/pages\/9","targetHints":{"allow":["GET"]}}],"collection":[{"href":"https:\/\/la-ferme-intention.fr\/index.php\/wp-json\/wp\/v2\/pages"}],"about":[{"href":"https:\/\/la-ferme-intention.fr\/index.php\/wp-json\/wp\/v2\/types\/page"}],"author":[{"embeddable":true,"href":"https:\/\/la-ferme-intention.fr\/index.php\/wp-json\/wp\/v2\/users\/1"}],"replies":[{"embeddable":true,"href":"https:\/\/la-ferme-intention.fr\/index.php\/wp-json\/wp\/v2\/comments?post=9"}],"version-history":[{"count":22,"href":"https:\/\/la-ferme-intention.fr\/index.php\/wp-json\/wp\/v2\/pages\/9\/revisions"}],"predecessor-version":[{"id":371,"href":"https:\/\/la-ferme-intention.fr\/index.php\/wp-json\/wp\/v2\/pages\/9\/revisions\/371"}],"up":[{"embeddable":true,"href":"https:\/\/la-ferme-intention.fr\/index.php\/wp-json\/wp\/v2\/pages\/8"}],"wp:attachment":[{"href":"https:\/\/la-ferme-intention.fr\/index.php\/wp-json\/wp\/v2\/media?parent=9"}],"curies":[{"name":"wp","href":"https:\/\/api.w.org\/{rel}","templated":true}]}}